s divided by 32.
28
Suppose -2*u + 5*t = 24, 48 = -3*u - u + 4*t. Let p be (-24)/(-10)*(-40)/u. Let d = p + 1. What is the remainder when 25 is divided by d?
7
What is the remainder when -2*62/((-2)/2) is divided by 40/(-100) - (560/(-25) - -1)?
19
Suppose 5*f - 116 = 359. Let w(y) = 13*y + 180. What is the remainder when f is divided by w(-12)?
23
Let y = -75 - -82. Suppose 63 = 3*r + 4*n, 0 = 3*r - 3*n + 16 - 79. Calculate the remainder when r is divided by y.
0
Let w be 497 + (2 + -5 - -6). Let t = w + -330. Calculate the remainder when t is divided by 2*((-559)/(-2))/13.
41
Let n(s) = -s**3 + 11 - 18 - s**2 + s**2 - 8*s - 6*s**2. Suppose -10 = -2*j + 4*j. What is the remainder when 21 is divided by n(j)?
5
Suppose -2*f = -q - 1, 47 - 15 = 4*q + f. Suppose q*p + 4*z - 464 = 3*p, 4*p + 3*z - 462 = 0. Calculate the remainder when p is divided by 13.
10
What is the remainder when 34/6*(2 - -1) is divided by 9/10*(13 + (-42)/14)?
8
Let g = -62 - -136. Let l(x) = -47*x + 199. What is the remainder when g is divided by l(4)?
8
Let v be (-5)/((-10)/(-4)) + 7. Let w(j) = -8*j + 27. Let d be w(3). Suppose 9 = v*x + d*u, x = -x - 4*u - 2. What is the remainder when 5 is divided by x?
2
Let r be 164/(-9) - 4/(-18). Let d = -40 - r. Let q = -12 - d. What is the remainder when 28 is divided by q?
8
Suppose -623 = -0*c - 7*c. Calculate the remainder when c is divided by 18.
17
Suppose 64*r - 62*r - 18 = 0. Calculate the remainder when 25 is divided by r.
7
Calculate the remainder when 98 is divided by 60/8*2/(-3) - -15.
8
Suppose 5*p - 2*h = 129, -4*h - 65 = 5*p - 212. Calculate the remainder when p is divided by 18.
9
Let k(u) = -11*u**2 + 10*u + 8. Let l(n) = 33*n**2 - 29*n - 23. Let y(x) = 8*k(x) + 3*l(x). Calculate the remainder when y(4) is divided by 49.
45
What is the remainder when ((-126)/(-105))/(-1*4/(-130)) is divided by 9?
3
Suppose -20 = -s - 2*t, -s + t = 2*t - 15. What is the remainder when 42 is divided by s?
2
Let g = 277 + -205. Calculate the remainder when g is divided by 30.
12
Let s(n) = -5*n**3 + 8*n**3 - 4*n**3 - 1 + 4*n**2 + n. Suppose -3*i = -0*i - 60. Calculate the remainder when i is divided by s(3).
9
Let h = 89 - 89. Suppose 4*v + 236 = 4*d, -4*d + 233 = -3*v - h*v. What is the remainder when d is divided by 12?
8
Let v be 546/(-12)*(-24)/(-14). What is the remainder when 47 is divided by v/9*-6*3/6?
21
Let p(r) = 8*r - 3*r - r + 13 + r**2. What is the remainder when p(10) is divided by 14?
13
Let y(a) = -a**2 + 2*a + 10. Let g be y(6). Calculate the remainder when (g/8)/((-5)/20) is divided by 2.
1
Let x be 16/(-6)*(-30)/40. Suppose -x*t = 8 - 12. Suppose c = 1, t*c + 6 = -2*a + 4*a. What is the remainder when 7 is divided by a?
3
Let o = -52 - -52. Suppose o = -2*c + 22 + 8. What is the remainder when 29 is divided by c?
14
Let x(j) = -18*j - 226. Calculate the remainder when 54 is divided by x(-15).
10
Let k = -44 + 107. Suppose 4*f + 4*p + 8 = 0, 5*p - 3 = -13. Suppose f*a - 132 = -6*a. What is the remainder when k is divided by a?
19
Let k(z) = z + 1. Let j be k(4). Suppose -j*r + 219 = -16. Let a = 63 - 53. Calculate the remainder when r is divided by a.
7
Suppose 12 + 0 = -c - 3*m, -2*c + 2*m = -8. Suppose c = 9*l - 11*l + 130. What is the remainder when l is divided by 11?
10
Let t be 4 - (0 + (-3 - -4)). Suppose 5*k + t*m = 4*m + 83, 60 = 3*k - 4*m. What is the remainder when k is divided by 6?
4
Let j be (-156)/(-42) + (-2)/(-7). Calculate the remainder when 101 is divided by j*-1 - (-20 - (-4 + 3)).
11
Let j be (-1)/((21/(-6))/7). Suppose j*l = -l. Suppose l = 4*f - 37 - 39. What is the remainder when 55 is divided by f?
17
Suppose 5 = 3*c + i - 17, -5*c + 39 = 4*i. Let p(w) = w**3 + 22*w**2 + 38*w - 35. What is the remainder when c is divided by p(-20)?
2
Let p(t) = 3*t**2 - 5*t + 1. What is the remainder when p(-4) is divided by 1*5*(-3096)/(-1080) + 1/(-3)?
13
Let x = 11 - 0. Let y(w) = -32*w - 620. What is the remainder when y(-20) is divided by x?
9
Let y = -21 - -22. Calculate the remainder when ((-2 - -83) + -2)*y is divided by 27.
25
Suppose 6786 = 73*b + 14*b. What is the remainder when 1792 is divided by b?
76
Let i(t) = t**2 + 6*t + 15. What is the remainder when 61 is divided by i(-4)?
5
Let p be 6/2 + -2 + (-4)/(-1). Suppose p*m + 223 = 4*o, 0*m - 191 = -3*o - m. What is the remainder when o is divided by 21?
20
Let h(s) = s**3 + 7*s**2 + s - 2. Let u(k) = 51*k + 1059. What is the remainder when u(-19) is divided by h(-3)?
28
Let o(p) = 2*p**3 - 4*p**2 - 3*p - 2. Let g(t) = 2*t**2 - 56*t + 311. Calculate the remainder when o(4) is divided by g(7).
16
Let y(g) be the second derivative of g**4/12 + g**3/2 + 8*g**2 + 9*g. What is the remainder when y(0) is divided by 11?
5
Suppose 2*y = -5*w + 18 - 3, 3*y + 3*w = 45. Suppose 13 + 9 = -t. Calculate the remainder when y is divided by (t/(-4))/(3/6).
9
Let j = 380 - 367. What is the remainder when 63 is divided by j?
11
Suppose -128*x + 78 = -122*x. Calculate the remainder when 32 is divided by x.
6
Let z be -3 + -6 + (-2 - -4). Let a be (-12)/z*1022/4. Suppose y - a = -3*y + 3*d, 3*y - 316 = -4*d. Calculate the remainder when y is divided by 22.
20
Let d(k) be the first derivative of k**2/2 + 3. Let p(g) = -11*g + 1. Let f(l) = 4*d(l) + p(l). Calculate the remainder when 15 is divided by f(-1).
7
Let w = -361 + 610. Suppose 203 = 4*p - w. Calculate the remainder when p is divided by 38.
37
What is the remainder when (7 + (-13 - -6) - -192) + -6 is divided by 16?
10
Let c(k) be the first derivative of 22*k**3 + k**2 + 1. Let u be c(1). Suppose 3 - 13 = -2*q, o = -q + u. What is the remainder when o is divided by 33?
30
Suppose 0 = -4*j - 6*j - 20. Let s(c) = -2*c. Calculate the remainder when 19 is divided by s(j).
3
Let d = 1079 + -1072. Calculate the remainder when (8 + -2)*11/2 is divided by d.
5
Suppose 0 = 3*i + 12, 4*c - 6*i - 28 = -5*i. Suppose 4 = -o - c. Calculate the remainder when (-4)/o - 303/(-5) is divided by 31.
30
Let i(g) = 3*g**3 - 7*g**2 - 15*g + 15. Calculate the remainder when 244 is divided by i(4).
34
Let i = -16 - -139. Let m(w) = 3*w**2 - 72*w - 54. Calculate the remainder when i is divided by m(25).
18
Let r = -2 - -7. Suppose -4*f = -r*a - 15, -2*a = 5*f - a + 3. Suppose -2*y - 4*y + 72 = f. Calculate the remainder when 47 is divided by y.
11
Calculate the remainder when 28 is divided by 1*14*(-5)/(-10).
0
Let a = 106 + -54. Suppose 0 = 2*x - 22 - a. Calculate the remainder when x is divided by 10.
7
Let k(w) = -w**2 - 14*w + 7. Let s be k(-13). Suppose 5*r + s = 2*d - 14, -5*d - 2*r + 27 = 0. What is the remainder when 20 is divided by d?
6
Suppose -2*h - 165 = -179. Suppose 5*y - b - 18 = 1, -3*y - 4*b = h. Suppose -2*w - 5 = -25. Calculate the remainder when w is divided by y.
1
Let x = 2395 + -1981. What is the remainder when x is divided by 10?
4
Let t(l) = -l**2 + 2*l + 8. Let h be t(0). Suppose -110 + h = -3*i. Suppose -k - 4*k = -5*d - 30, -d = 3*k - i. What is the remainder when 27 is divided by k?
7
Suppose -7*d = -8*d + 770. Suppose 0 = 3*b + 3*y - 462, 0 = -8*b + 3*b - 3*y + d. Suppose 166 = 5*v - b. What is the remainder when v is divided by 33?
31
Let n be (-1 - -2)/(5/30). Suppose 188 = 3*q + 2*c - n*c, 3*c + 61 = q. Let h = -38 + q. What is the remainder when 51 is divided by h?
25
Let s(x) = x**2 + 8. Calculate the remainder when 48 is divided by s(3).
14
Let c(k) = -27*k - 98. What is the remainder when (-313)/(-9) + 4/18 is divided by c(-4)?
5
Let j(m) = -m**2 - 37*m + 300. Calculate the remainder when 1469 is divided by j(-43).
41
Suppose 14 = -6*x + 7*x. Let s = x + -11. Suppose -s*y - 75 = -6*y. What is the remainder when y is divided by 7?
4
Let n(d) = 3*d**3 - 2*d**2. Let y be n(2). Let b be (4 - 7)*y/(-3). What is the remainder when 117 is divided by b/(-6)*(-90)/8?
27
Let q be (1 + 7)/(-4) + 366. Suppose 30*i - 26*i = q. Suppose -8*b + i = -b. Calculate the remainder when b is divided by 4.
1
Let y(b) = b**3 + 13*b**2 - 8*b - 37. Calculate the remainder when y(-9) is divided by 20.
19
Let x(d) = -d**3 - 8*d**2 - 16*d - 16. Calculate the remainder when x(-7) is divided by 23.
1
Let m(y) = y**2 - 2*y - 9. Let b be m(-7). Suppose -12*d + b = -13*d. Let p = d - -97. What is the remainder when p is divide